e units digit of (-10)/(-2) - (-1608)/4?
7
Let w = 33 + -59. Let p = w + 37. What is the tens digit of p?
1
Suppose -4*z - 62 = j, 3*z + 2*j = 22 - 71. Let w be (-34)/(-10) + 6/z. Suppose -w*m + 0 = -9. What is the units digit of m?
3
Let w = 0 + 2. Suppose -3*q = w*q - 200. Suppose -5*a - 5*p = -q, -5*p = -9*a + 6*a + 16. What is the units digit of a?
7
Let x(w) = -w**2 + 4*w + 4. Let n be x(6). Let k = n - -16. Let s = k - 0. What is the units digit of s?
8
Let o = -38 + 21. Let x = -9 - o. What is the units digit of x?
8
What is the units digit of (54/15)/(16/40)?
9
Let v = 158 - 64. What is the tens digit of v?
9
Let z(r) = -3*r - 21. Let q be z(-17). Suppose 4*p - 86 = -3*j, -j = -0*j + p - q. What is the units digit of j?
4
Let s(i) = 14*i - 23. Let b(m) = -3. Let p(l) = l - 4. Let t(d) = -4*b(d) + 5*p(d). Let k(f) = 3*s(f) - 8*t(f). What is the units digit of k(4)?
3
Suppose 0 = -z - 4*k + 14, 2*z - 3*k + 0 = -5. What is the units digit of -39*(z - 14/6)?
3
Let c be -3*(2 + 6/(-9)). Let a = 1 - c. What is the units digit of a?
5
Let v(f) = -f**2 + 8*f - 6. Let l be v(5). Let d = l - -1. What is the units digit of d?
0
Let x be (4 - 0) + (-6)/(-6). Suppose 0 = -4*b - 2*t + 72, -t = x*b - 5*t - 64. What is the units digit of b?
6
Let i(a) = a**3 + 8*a**2 - 6*a + 8. What is the tens digit of i(-7)?
9
Let g(m) = -m**2 + 10*m + 3. Let x(s) = s**2 + s + 3. Let b be x(4). Let j = 33 - b. What is the units digit of g(j)?
3
Let b(o) = -o**2 - 6. Let l be b(0). Let f be ((-2)/l)/((-1)/(-141)). Suppose f = 4*r + 3. What is the units digit of r?
1
Let q be (0 + 6)/(3 - 4). What is the units digit of 2/q*-1*9?
3
Let k = -135 - -199. Let x be (-4)/18 - k/36. What is the units digit of (4/(-5))/(x/5)?
2
Let y be (0 - 2 - -2)/(-1). Suppose p = x - 1 + 5, y = 4*p - x - 28. What is the units digit of (2/4)/(2/p)?
2
Let w = 113 - 71. Let m = -25 + w. What is the tens digit of m?
1
Suppose -7*d + 2*d + 5 = 0. Let j(k) = 2 - 4 - d + k. What is the units digit of j(5)?
2
Let u(l) = 4*l**2 - 3 - l**3 - l**2 + l**2 - 5*l + 4*l**2. What is the tens digit of u(7)?
1
Let z(y) = 2*y**2 + 5 - 3*y + 1 - 3. What is the units digit of z(2)?
5
Let u = 222 - 127. Let k = 135 - u. What is the units digit of k?
0
Suppose 5*l - 40 + 15 = 0. What is the units digit of l?
5
Let i = 26 + 228. What is the hundreds digit of i?
2
Suppose 3*t - 17 = 1. Let b = t - -6. What is the units digit of b?
2
Let r = 37 + 27. What is the units digit of r?
4
Let j = 191 - 106. What is the tens digit of j?
8
Let u(h) = h + 8. Let t be u(-8). Suppose 2*z - 2*j - 36 = 0, t*j + 3*j = z - 12. What is the units digit of z?
1
Suppose 4*w = -2*z + 5*z + 3, -5*w - 4 = 4*z. What is the units digit of (z + 3/2)*8?
4
Let b(g) be the second derivative of -g**6/720 - g**5/40 - g**4/6 + 2*g. Let k(i) be the third derivative of b(i). What is the units digit of k(-4)?
1
Suppose 3*s = 5*l - 10, -14 = -4*l + 6. Suppose -s*y - 2*g = g - 31, y + 3 = 4*g. What is the units digit of y?
5
Let n = -17 - -24. Let d = 6 + n. What is the tens digit of d?
1
Suppose -5*v = n - 23, 0 = 5*v - 3*v - 3*n + 1. Suppose -a = 3*a - v*u + 32, 0 = 4*a - 5*u + 37. What is the tens digit of (20/3)/(-2)*a?
1
Suppose a - 10 = -o, -2*o = -3*o + 5*a + 4. What is the units digit of o?
9
Let f(l) = -2*l - 8. Let k(n) = -n - 1. Let m(z) = -f(z) + 3*k(z). What is the units digit of m(-8)?
3
Let z(l) be the third derivative of l**4/6 + l**3/6 + l**2. What is the units digit of z(2)?
9
What is the tens digit of (-10)/(-6) - (-7)/21 - -78?
8
Suppose 3*c + 2*c = 5. Let g be (3 - c)/(-1 + 0). What is the units digit of (g*3)/3 - -3?
1
Suppose -8 - 17 = -3*m + 5*x, 5*x + 15 = 2*m. What is the tens digit of m?
1
Suppose i + 2*j + 2 = 70, 5*i - 322 = -4*j. What is the units digit of i?
2
Let c = 9 + -4. Suppose 5*p - 9 = -r, 2*p - c*r = -0*r + 9. What is the units digit of p?
2
Suppose 19*q = 23*q - 156. What is the units digit of q?
9
Let h = 20 - 23. Let l = h - -19. What is the units digit of l?
6
Suppose 4*x - 24 = 104. What is the units digit of x/12*3/2?
4
Suppose -4*k - 3*y = -0*y - 59, 5*k + 4*y = 75. Suppose -k = -3*t - 2. What is the units digit of t?
3
Suppose 3*d - 169 = 179. What is the tens digit of d?
1
Suppose -w + 0 - 9 = 0. Let o = -3 - w. What is the units digit of o?
6
Suppose -4*r = -r - 117. What is the units digit of r?
9
Suppose -3*s - 2*x - x - 3 = 0, -3*x = 5*s + 3. Suppose 5*n + 5*l = 125, 0 = -4*n - l - s + 100. What is the units digit of n?
5
Let c = 7 - 5. Suppose -c*b + s = -20, 6*b + s = 2*b + 52. What is the tens digit of b?
1
Let l = -7 + 2. Let i = l + 8. What is the units digit of (i - 2)/(2/10)?
5
Suppose -b = 3*n + b + 2, -4*n - b = 11. What is the units digit of n/(-6) + (-76)/(-12)?
7
Let j = -77 + 138. What is the tens digit of j?
6
Suppose 5*i = -4*d, 2*d - 22 = 5*i + 8. Let o be (-2 - i)/(1/3). Suppose -o*w = -w + 2*b - 57, -5*b = 5*w - 60. What is the units digit of w?
1
Let b = -6 - -13. Let z(k) = 5*k**2 + 6*k + 9. Let a(f) = -4*f**2 - 6*f - 9. Let g(t) = -6*a(t) - 5*z(t). What is the units digit of g(b)?
2
Let j be (3 - 4)/((-1)/49). Suppose j + 3 = x. What is the tens digit of x?
5
Let u(s) = -s**2 - 3*s + 3. Let v be u(-3). Suppose o + 5*h = 6 + 13, -2*o + 4*h = 4. Suppose 0 = v*x + 2*x, -x = o*c - 16. What is the units digit of c?
4
Let y be (0/2)/(-3) + 23. Let i = y + -11. What is the units digit of i?
2
Let z(s) be the second derivative of s**6/360 + s**5/60 - s**4/6 + s**3/3 + 3*s. Let l(h) be the second derivative of z(h). What is the units digit of l(-4)?
4
Suppose -5*g - 6*w + 2*w = -372, 4*w = 5*g - 388. What is the tens digit of g?
7
Let c = 0 + 0. Suppose 4*j - 10 - 2 = 0. Suppose m = j - c. What is the units digit of m?
3
Let k be 1 + (-2)/(-4)*2. Suppose 0 = k*g - 5*i - 8, -2*i = 3*g + 3*i - 12. Let a = g + 0. What is the units digit of a?
4
Let v(n) = 8*n**2 - 2*n - 1. Let t be v(-1). Let z = t - 6. Suppose -z*j = -19 - 2. What is the units digit of j?
7
Let l = -440 - -781. What is the hundreds digit of l?
3
Suppose 0 = 2*o + 12 - 4. Let i = o + 14. What is the units digit of i?
0
Let s be -2 - 18/(-1 - 1). Let h = -5 + s. What is the units digit of h?
2
Suppose 6 = 2*p - 5*p. Suppose -3*n - v + 16 = -11, 4*v + 28 = 5*n. Let l = n - p. What is the units digit of l?
0
Let j = -128 + 371. What is the units digit of j?
3
Suppose 36 = -4*a + 4. What is the units digit of 4/(-6) + a/(-3)?
2
Let h(t) = -t**3 + 6*t**2 - 6*t + 6. Let o be h(5). What is the units digit of 6 + 13 + o + 0?
0
Let q = 201 + -128. What is the units digit of q?
3
Let w(r) = 6*r**2 - 5*r + 46. What is the tens digit of w(6)?
3
Let i(z) = -z**3 - 2*z**2 - z - 2. Let s be i(-2). Let k be s + 0 - (-1 - -22). What is the units digit of (0 - k)*(-1)/(-3)?
7
Suppose -3*b - 11 + 5 = 0. What is the units digit of (b + 0)/((-2)/38)?
8
What is the tens digit of 226 - (-4 + (-8)/(-2))?
2
Let g(u) = u - 3. Let f be g(8). Suppose 5*w - 30 = -3*c, f*w - 4*c + 4 = -1. Suppose 26 = t + 3*t + w*o, -2*t = 5*o - 6. What is the units digit of t?
8
Let n(a) be the third derivative of -a**6/40 - a**4/24 - a**3/6 - 3*a**2. What is the units digit of n(-1)?
3
Suppose 4*d + 2*b - 163 = -5, 0 = 2*b - 10. What is the tens digit of d?
3
Suppose 0 = -4*r + 2*r + 2. What is the tens digit of (1/(-1))/(r/(-11))?
1
Suppose 4*c = -3*k + k + 6, 4*k = 4*c. Suppose -2*n + c = -3*n - 4*h, 4 = -2*h. What is the units digit of n?
7
Let z(c) be the second derivative of c**6/72 + c**5/120 - c**4/6 - 3*c. Let g(v) be the third derivative of z(v). What is the units digit of g(1)?
1
Suppose -4*m + 78 = 2*a, 2*a + 8*m - 3*m - 82 = 0. What is the units digit of a?
1
Let g(r) = r**3 + 23*r**2 + 21*r + 26. What is the units digit of g(-22)?
8
Suppose -2*v + 20 + 77 = -3*b, -3*b = -3*v + 153. What is the units digit of v?
6
Let s be 1/(-3) - (-2)/6. Let k be (1 - s) + -1*1. Suppose k = -2*a + 12 + 2. What is the units digit of a?
7
Let h(w) = -7*w**2 + 2*w - 1. Let q be h(1). Let s be ((1 - q)*-1)/1. What is the units digit of 1/((1/s)/(-1))?
7
What is the units digit of 1/(4/(-8))*-195*1?
0
Let o(y) = 3*y - 8. What is the units digit of o(6)?
0
Let d = 9 + -5. Suppose 3*x = d*x. Let y(i) = -i**3 - i + 10. What is the units digit of y(x)?
0
Let c = 17 + -8. Le